at is -1460 + -3031314?
-3033104
In base 3, what is 12000201121022210 - -11?
12000201121022221
In base 12, what is -1a + -96b2b16?
-96b2b34
In base 2, what is 10010101010 - 11100011?
1111000111
In base 11, what is 4a7 + 1990a3?
19959a
In base 13, what is -4 - 526244?
-526248
In base 11, what is 645548 - -209?
645756
In base 15, what is 144b0 - -432?
148e2
In base 2, what is -10001 - 10101011001011001010011?
-10101011001011001100100
In base 14, what is 13 - a69424?
-a69411
In base 15, what is -d08a3 + -8?
-d08ab
In base 9, what is 1 - 23128412?
-23128411
In base 8, what is 1272613077 + 5?
1272613104
In base 6, what is -2 - -1154332444?
1154332442
In base 11, what is 17456 - -76a7?
24052
In base 2, what is 11010101 - -10000100000000001?
10000100011010110
In base 15, what is 11 - -b65?
b76
In base 13, what is 21b5 + -2007?
1ab
In base 6, what is -3 - 120524253?
-120524300
In base 6, what is 12 - -444552?
445004
In base 10, what is 473604 - -1122?
474726
In base 7, what is 406 - 2653146?
-2652440
In base 4, what is 1230302 - -13003?
1303311
In base 2, what is -11010000 + 101101011001101100011?
101101011001010010011
In base 11, what is 5 + 159251?
159256
In base 15, what is 3321 - 14e?
31c2
In base 2, what is -10101111101111 + -1000001010?
-10110111111001
In base 12, what is 42 - a28b86?
-a28b44
In base 13, what is -18 - -14554b0?
1455495
In base 9, what is 604 - 12575?
-11871
In base 14, what is -1b6c + -2d3d?
-4aab
In base 8, what is 572 + -60542?
-57750
In base 7, what is -133444 + -501?
-134245
In base 9, what is 3570564 - 8?
3570555
In base 5, what is 4 - -13413143131?
13413143140
In base 12, what is 6211918 + -5?
6211913
In base 7, what is -141 - 35436651?
-35440122
In base 2, what is -1110011110010101 - 101011?
-1110011111000000
In base 13, what is -44275 - -9b?
-441a7
In base 2, what is -100 - 10001101001101110000001?
-10001101001101110000101
In base 7, what is 13143442 + -4?
13143435
In base 14, what is 53 - 478d6?
-47883
In base 12, what is -45 + b2b0?
b267
In base 8, what is -72371735 - 4?
-72371741
In base 4, what is -3 + -1132303103300?
-1132303103303
In base 3, what is -1 + -1200100002101?
-1200100002102
In base 15, what is 3 + -95a76?
-95a73
In base 2, what is -100110100011011010111 - -1010?
-100110100011011001101
In base 16, what is -1aa499e - -5?
-1aa4999
In base 15, what is -c9ba4c + -7?
-c9ba54
In base 7, what is 0 - 15553356?
-15553356
In base 8, what is -254341 + 55?
-254264
In base 13, what is 209485 - -7?
20948c
In base 9, what is 2470 - -533567?
536147
In base 11, what is -932 - 169133?
-169a65
In base 3, what is 2012011010111 + 102?
2012011010220
In base 14, what is 3 - -97078?
9707b
In base 3, what is 10 + 110111010210021?
110111010210101
In base 13, what is -31 - 2b5734?
-2b5765
In base 7, what is -10 - 231424602?
-231424612
In base 3, what is 202102201 - -10202021?
220011222
In base 15, what is 5 - -d2e6c64?
d2e6c69
In base 11, what is -101 + -5a12329?
-5a1242a
In base 13, what is 277974 - 2?
277972
In base 6, what is 31121430 - -45?
31121515
In base 8, what is 1442 - -462645?
464307
In base 10, what is -350040 + 18?
-350022
In base 6, what is -114 - 1454324525?
-1454325043
In base 16, what is -39 + c5273?
c523a
In base 7, what is -3 - -635061552?
635061546
In base 6, what is -10025 - -1544?
-4041
In base 16, what is -66 - -41b25?
41abf
In base 16, what is -59fdc62 - -1?
-59fdc61
In base 14, what is -265a94 - 4?
-265a98
In base 15, what is 0 - dcc2752?
-dcc2752
In base 11, what is 66918 - 7742?
5a186
In base 15, what is -412d6c - 3?
-412d70
In base 9, what is -3 + -21384804?
-21384807
In base 11, what is 29 + 229757?
229785
In base 2, what is -100000000110001110110100011 - 11?
-100000000110001110110100110
In base 6, what is 4 + -2210114150?
-2210114142
In base 16, what is 1899f + -1f?
18980
In base 11, what is a669690 - 8?
a669683
In base 13, what is -2b9 - -14447?
1415b
In base 15, what is 19418 + -101?
19317
In base 6, what is -122 + 114352?
114230
In base 15, what is 73ea2 + -16?
73e8b
In base 16, what is ca3d82 - 4?
ca3d7e
In base 10, what is 8518 - 3266?
5252
In base 2, what is -1101011001100010111110001 - 100?
-1101011001100010111110101
In base 6, what is 44451 - -3444?
52335
In base 7, what is 114052 + 22331?
136413
In base 13, what is 2501 + -3350?
-b4c
In base 9, what is 15263 - 36150?
-20776
In base 5, what is -2231032443 - -114?
-2231032324
In base 13, what is -1 - c4563b?
-c4563c
In base 3, what is 2011121 + -1002112221?
-1000101100
In base 14, what is -b + 91a995?
91a988
In base 16, what is 235 + -1fe43?
-1fc0e
In base 12, what is 470b84a - -15?
470b863
In base 5, what is 1032343 + -203211?
324132
In base 2, what is -1001010001100000101000110100 - -11?
-1001010001100000101000110001
In base 14, what is -d323 + 47?
-d2ba
In base 13, what is 18 - 43745c9?
-43745b1
In base 14, what is -912c46 + -2?
-912c48
In base 16, what is 3 + e2c42b6?
e2c42b9
In base 14, what is 12c - 636ca?
-6359c
In base 9, what is -58782 - -270?
-58512
In base 7, what is 145465014 + 2?
145465016
In base 8, what is 37 + 46430676?
46430735
In base 2, what is -10000100101010111 + -1010?
-10000100101100001
In base 15, what is -1046 - -425?
-b21
In base 7, what is 112525 + 3341?
116166
In base 13, what is -1569ab - -10?
-15699b
In base 9, what is -28 + 477670?
477641
In base 12, what is -16 - a8a03?
-a8a19
In base 15, what is -1e27 + -7e8c?
-9db4
In base 6, what is 203533 - -314?
204251
In base 14, what is -23 + -cc548c?
-cc54b1
In base 10, what is 1007 + -2086?
-1079
In base 7, what is -3 + -610106?
-610112
In base 11, what is -20 + -447859?
-447879
In base 9, what is 88 + -413163?
-413064
In base 10, what is -18217 - 361?
-18578
In base 11, what is -3 - 12388552?
-12388555
In base 3, what is 1212110210221 + 1021?
1212110212012
In base 7, what is -1116 - -50010?
45561
In base 16, what is 2 + 16471?
16473
In base 13, what is 4746b + 23?
47491
In base 15, what is -30 + e7676?
e7646
In base 10, what is 116 - -993083?
993199
In base 11, what is -23a548 + 148?
-23a400
In base 4, what is 102031 + 1102212010?
1102320101
In base 13, what is 69 + 587b7?
58853
In base 10, what is -46 + -144763?
-144809
In base 11, what is 3112912a - 1?
31129129
In base 14, what is 49 + 433087?
4330d2
In base 11, what is 1aa6 + -1273a7?
-125401
In base 7, what is -11121505 - -5?
-11121500
In base 3, what is -210011120012012 - -11?
-210011120012001
In base 2, what is -1001010101101011000001101 + -1000?
-1001010101101011000010101
In base 2, what is 100 - 1010100100111000100011110?
-1010100100111000100011010
In base 4, what is -12 + 1122113213310?
1122113213232
In base 13, what is 444b + -4ac?
3c6c
In base 16, what is 21a5e1 + 4b?
21a62c
In base 13, what is -1aa4a3 + -6?
-1aa4a9
In base 3, what is 1020212 + -22222122110?
-22221101121
In base 2, what is -11100111001111111111000 + 101001?
-11100111001111111001111
In base 16, what is -3a066 - 36?
-3a09c
In base 16, what is -b + -61b0f1e?
-61b0f29
In base 11, what is 25784a56 + 2?
25784a58
In base 11, what is 9914772 + -5?
9914768
In base 11, what is 644a7 - -33?
6452a
In base 5, what is 0 - -1202312123?
1202312123
In base 12, what is -325752 - -14?
-32573a
In base 12, what is 6 - 1b666674?
-1b66666a
In base 16, what is 12c7 + -6685?
-53be
In base 4, what is 2 + 2313302101?
2313302103
In base 4, what is -1203332 - 30302203?
-32112201
In base 15, what is -5 - -42e3059?
42e3054
In base 14, what is -1d4bc + -b?
-1d4c9
In base 7, what is 43342 + -2000?
41342
In base 14, what is -18 - -4bc98?
4bc80
In base 14, what is -44d980b9 - 0?
-44d980b9
In base 13, what is -372 + -47858?
-47bca
In base 4, what is 121103113123 - 10?
121103113113
In base 3, what is 202121000 + -202001?
201211222
In base 11, what is 1096 + 65a5?
7690
In base 11, what is 1887 - 54511?
-52735
In base 14, what is -7bd + d21?
542
In base 12, what is -718 + -9087?
-97a3
In base 3, what is 1202201010202101 + -10?
1202201010202021
In base 12, what is -58b1 - 240?
-5b31
In base 9, what is 8786 - -662?
10558
In base 4, what is 1123322 + -332?
1122330
In base 16, what is 0 - -4085a?
4085a
In base 14, what is 1 - -86da406?
86da407
In base 9, what is -736002706 - -2?
-736002704
In base 13, what is -179 + c7a3c4?
c7a248
In base 10, what is -2033716 - 0?
-2033716
In base